{"id":913,"date":"2018-08-31T13:48:34","date_gmt":"2018-08-31T16:48:34","guid":{"rendered":"https:\/\/ifd9-nqn.infd.edu.ar\/sitio\/documentos-institucionales\/"},"modified":"2022-05-06T00:32:04","modified_gmt":"2022-05-06T03:32:04","slug":"documentos-institucionales","status":"publish","type":"page","link":"https:\/\/ifd9-nqn.infd.edu.ar\/sitio\/documentos-institucionales\/","title":{"rendered":"Normativas"},"content":{"rendered":"<p><span style=\"font-family: arial, helvetica, sans-serif; font-size: 12pt;\">En esta secci\u00f3n encontrar\u00e1 el <strong>Plan 639<\/strong>\u00a0de la carrera \u00ab<strong>Profesorado en Ense\u00f1anza Primaria\u00bb<\/strong> \u00a0y el <strong>P<\/strong><strong>lan 579<\/strong> de la carrera \u00ab<strong>Profesorado de Educaci\u00f3n Secundaria en Lengua y\u00a0<\/strong><strong>Literatura\u00bb, <\/strong>junto al\u00a0Dise\u00f1o Curricular y Resoluciones del CPE relacionadas con la organizaci\u00f3n institucional (R\u00e9gimen electoral, Reglamento de Pr\u00e1ctica y Residencia, entre otros&#8230;<\/span><\/p>\n<p><span style=\"font-size: 14pt;\">El nuevo Mapa curricular a partir del 2016 es el correspondiente al\u00a0plan 639<\/span>.\u00a0<em>(Ex Plan 395)<\/em><\/p>\n<div>\n<p><span style=\"font-size: 12pt; color: #3366ff;\" data-mce-mark=\"1\">Para descargar el Plan 639,\u00a0hacer clic en<a href=\"upload\/Plan_395.pdf\"><img decoding=\"async\" loading=\"lazy\" src=\"https:\/\/ifd9-nqn.infd.edu.ar\/sitio\/wp-content\/uploads\/2018\/08\/icono_pdf.gif\" width=\"54\" height=\"54\" border=\"0\" \/><\/a><\/span><\/p>\n<p><span style=\"font-size: 14pt;\">A partir del 2018 se agrega el Plan 579<\/span><\/p>\n<\/div>\n<p><span style=\"font-size: 12pt; color: #3366ff;\">Para descargar el Plan 579,\u00a0hacer clic en<\/span><a href=\"upload\/PLAN_579.pdf\"><img decoding=\"async\" loading=\"lazy\" src=\"https:\/\/ifd9-nqn.infd.edu.ar\/sitio\/wp-content\/uploads\/2018\/08\/icono_pdf.gif\" width=\"54\" height=\"54\" border=\"0\" \/><\/a><\/p>\n<div><a title=\"Resoluci\u00f3n CPE 1697\" href=\"https:\/\/ifd9-nqn.infd.edu.ar\/sitio\/normativas\/upload\/Resol._1697_ROM-_r%E9gimen_electoral_Niveles_IFD_diciembre_2013.pdf\" target=\"_blank\" rel=\"noopener\">Resoluci\u00f3n 1697<\/a>\u00a0(Reglamento electoral, Reglamento de Pr\u00e1ctica y Residencia, Niveles de los ISFD\u2019s)<\/div>\n<div><a href=\"https:\/\/ifd9-nqn.infd.edu.ar\/sitio\/normativas\/upload\/RESOLUCION_N_1063_ROM_30_DE_AGOSTO_2013.pdf\">Reglamento Org\u00e1nico Marco<\/a> (ROM)<\/div>\n<div><a href=\"https:\/\/ifd9-nqn.infd.edu.ar\/sitio\/normativas\/upload\/RAM.pdf\" target=\"_blank\" rel=\"noopener\">Reglamento Acad\u00e9mico marco (<\/a>RAM)<\/div>\n<div><a href=\"https:\/\/drive.google.com\/file\/d\/10SE9gnQ3CO6B20e3eeYYReAjlwsCoc37\/view?usp=sharing\">Reglamento Acad\u00e9mico Institucional<\/a>\u00a0(RAI)<\/div>\n<div><a href=\"https:\/\/drive.google.com\/file\/d\/1KzBckAriFtsOQ3oqaVudpYzqp3vI7ocO\/view?usp=sharing\">Calendario Escolar Situado<\/a> (CES 2022)<\/div>\n<div><a href=\"https:\/\/drive.google.com\/file\/d\/1k0z5Zn3XoRmor9Ogb1GI4bFfW8ZkS28U\/view?usp=sharing\">Calendario Acad\u00e9mico Institucional 2022<\/a> (CAI)<\/div>\n<div><\/div>\n<p><strong><span data-mce-mark=\"1\">\u00a0<\/span><\/strong><\/p>\n<div><\/div>\n","protected":false},"excerpt":{"rendered":"<p>En esta secci\u00f3n encontrar\u00e1 el Plan 639\u00a0de la carrera \u00abProfesorado en Ense\u00f1anza Primaria\u00bb \u00a0y el Plan 579 de la carrera \u00abProfesorado de Educaci\u00f3n Secundaria en Lengua y\u00a0Literatura\u00bb, junto al\u00a0Dise\u00f1o Curricular y Resoluciones del CPE relacionadas con la organizaci\u00f3n institucional (R\u00e9gimen electoral, Reglamento de Pr\u00e1ctica y Residencia, entre otros&#8230; El nuevo Mapa curricular a partir del &#8230; <a title=\"Normativas\" class=\"read-more\" href=\"https:\/\/ifd9-nqn.infd.edu.ar\/sitio\/documentos-institucionales\/\" aria-label=\"More on Normativas\">[+]<\/a><\/p>\n","protected":false},"author":1074,"featured_media":0,"parent":0,"menu_order":0,"comment_status":"closed","ping_status":"closed","template":"","meta":[],"acf":[],"_links":{"self":[{"href":"https:\/\/ifd9-nqn.infd.edu.ar\/sitio\/wp-json\/wp\/v2\/pages\/913"}],"collection":[{"href":"https:\/\/ifd9-nqn.infd.edu.ar\/sitio\/wp-json\/wp\/v2\/pages"}],"about":[{"href":"https:\/\/ifd9-nqn.infd.edu.ar\/sitio\/wp-json\/wp\/v2\/types\/page"}],"author":[{"embeddable":true,"href":"https:\/\/ifd9-nqn.infd.edu.ar\/sitio\/wp-json\/wp\/v2\/users\/1074"}],"replies":[{"embeddable":true,"href":"https:\/\/ifd9-nqn.infd.edu.ar\/sitio\/wp-json\/wp\/v2\/comments?post=913"}],"version-history":[{"count":9,"href":"https:\/\/ifd9-nqn.infd.edu.ar\/sitio\/wp-json\/wp\/v2\/pages\/913\/revisions"}],"predecessor-version":[{"id":1673,"href":"https:\/\/ifd9-nqn.infd.edu.ar\/sitio\/wp-json\/wp\/v2\/pages\/913\/revisions\/1673"}],"wp:attachment":[{"href":"https:\/\/ifd9-nqn.infd.edu.ar\/sitio\/wp-json\/wp\/v2\/media?parent=913"}],"curies":[{"name":"wp","href":"https:\/\/api.w.org\/{rel}","templated":true}]}}