{"id":2051,"date":"2025-10-20T17:58:35","date_gmt":"2025-10-20T20:58:35","guid":{"rendered":"https:\/\/ifd9-nqn.infd.edu.ar\/sitio\/?page_id=2051"},"modified":"2025-11-17T18:19:55","modified_gmt":"2025-11-17T21:19:55","slug":"biblioteca","status":"publish","type":"page","link":"https:\/\/ifd9-nqn.infd.edu.ar\/sitio\/biblioteca\/","title":{"rendered":"BIBLIOTECA"},"content":{"rendered":"\n<p><strong>Horarios de Atenci\u00f3n<\/strong><\/p>\n\n\n\n<figure class=\"wp-block-table\"><table><tbody><tr><td>D\u00eda<\/td><td>Turno<\/td><td>Horario<\/td><\/tr><tr><td>Lunes a Viernes<\/td><td>Ma\u00f1ana<\/td><td>08:00 a 13:00<\/td><\/tr><tr><td>Lunes a Viernes<\/td><td>Tarde<\/td><td>13:30 a 18:30<\/td><\/tr><tr><td>Lunes a Viernes<\/td><td>Noche<\/td><td>18:30 a 23:30<\/td><\/tr><\/tbody><\/table><\/figure>\n\n\n\n<h3 class=\"wp-block-heading\">\u00a1T\u00fa Biblioteca tambi\u00e9n est\u00e1 <strong>online!<\/strong><\/h3>\n\n\n\n<p>Adem\u00e1s de los libros que ves en los estantes, tenemos una biblioteca digital con muchos recursos educativos para vos.<br>Podes acceder desde tu celu o compu cuando quieras y donde est\u00e9s. <\/p>\n\n\n\n<p>Ingres\u00e1 al campus virtual con tu usuario y contrase\u00f1a y luego entra al aula de <a href=\"https:\/\/ifd9-nqn.infd.edu.ar\/aula\/index.cgi?id_curso=25\" data-type=\"URL\" data-id=\"https:\/\/ifd9-nqn.infd.edu.ar\/aula\/index.cgi?id_curso=25\" target=\"_blank\" rel=\"noreferrer noopener\">Biblioteca<\/a>.<\/p>\n\n\n\n<h3 class=\"wp-block-heading\">\u00a1Nuestro cat\u00e1logo Koha tambi\u00e9n est\u00e1 online!<\/h3>\n\n\n\n<p> \u00bfSab\u00edas que podes acceder a nuestro cat\u00e1logo online para consultar los libros que tenemos?<\/p>\n\n\n\n<p><a href=\"https:\/\/bibliotecaifd09.neuquen.edu.ar\" target=\"_blank\" rel=\"noreferrer noopener\">https:\/\/bibliotecaifd09.neuquen.edu.ar<\/a><\/p>\n\n\n\n<figure class=\"wp-block-image size-full\"><a href=\"https:\/\/bibliotecaifd09.neuquen.edu.ar\/\"><img decoding=\"async\" loading=\"lazy\" width=\"1280\" height=\"720\" src=\"https:\/\/ifd9-nqn.infd.edu.ar\/sitio\/wp-content\/uploads\/2025\/10\/Flyer-catalogo-1.jpeg\" alt=\"\" class=\"wp-image-2057\" srcset=\"https:\/\/ifd9-nqn.infd.edu.ar\/sitio\/wp-content\/uploads\/2025\/10\/Flyer-catalogo-1.jpeg 1280w, https:\/\/ifd9-nqn.infd.edu.ar\/sitio\/wp-content\/uploads\/2025\/10\/Flyer-catalogo-1-1000x563.jpeg 1000w, https:\/\/ifd9-nqn.infd.edu.ar\/sitio\/wp-content\/uploads\/2025\/10\/Flyer-catalogo-1-768x432.jpeg 768w\" sizes=\"(max-width: 1280px) 100vw, 1280px\" \/><\/a><\/figure>\n\n\n\n<p><a rel=\"noreferrer noopener\" href=\"https:\/\/bibliotecaifd09.neuquen.edu.ar\/\" target=\"_blank\">Usar el cat\u00e1logo es es muy simple<\/a>. Te dejamos este video para ayudarte.<\/p>\n\n\n\n<figure class=\"wp-block-embed is-type-video is-provider-youtube wp-block-embed-youtube wp-embed-aspect-16-9 wp-has-aspect-ratio\"><div class=\"wp-block-embed__wrapper\">\n<iframe loading=\"lazy\" title=\"Tutorial Koha\" width=\"1200\" height=\"675\" src=\"https:\/\/www.youtube.com\/embed\/6WNBzx9ALbk?feature=oembed\" frameborder=\"0\" allow=\"accelerometer; autoplay; clipboard-write; encrypted-media; gyroscope; picture-in-picture; web-share\" referrerpolicy=\"strict-origin-when-cross-origin\" allowfullscreen><\/iframe>\n<\/div><\/figure>\n","protected":false},"excerpt":{"rendered":"<p>Horarios de Atenci\u00f3n D\u00eda Turno Horario Lunes a Viernes Ma\u00f1ana 08:00 a 13:00 Lunes a Viernes Tarde 13:30 a 18:30 Lunes a Viernes Noche 18:30 a 23:30 \u00a1T\u00fa Biblioteca tambi\u00e9n est\u00e1 online! Adem\u00e1s de los libros que ves en los estantes, tenemos una biblioteca digital con muchos recursos educativos para vos.Podes acceder desde tu celu &#8230; <a title=\"BIBLIOTECA\" class=\"read-more\" href=\"https:\/\/ifd9-nqn.infd.edu.ar\/sitio\/biblioteca\/\" aria-label=\"More on BIBLIOTECA\">[+]<\/a><\/p>\n","protected":false},"author":3152,"featured_media":0,"parent":0,"menu_order":0,"comment_status":"closed","ping_status":"closed","template":"","meta":[],"acf":[],"_links":{"self":[{"href":"https:\/\/ifd9-nqn.infd.edu.ar\/sitio\/wp-json\/wp\/v2\/pages\/2051"}],"collection":[{"href":"https:\/\/ifd9-nqn.infd.edu.ar\/sitio\/wp-json\/wp\/v2\/pages"}],"about":[{"href":"https:\/\/ifd9-nqn.infd.edu.ar\/sitio\/wp-json\/wp\/v2\/types\/page"}],"author":[{"embeddable":true,"href":"https:\/\/ifd9-nqn.infd.edu.ar\/sitio\/wp-json\/wp\/v2\/users\/3152"}],"replies":[{"embeddable":true,"href":"https:\/\/ifd9-nqn.infd.edu.ar\/sitio\/wp-json\/wp\/v2\/comments?post=2051"}],"version-history":[{"count":11,"href":"https:\/\/ifd9-nqn.infd.edu.ar\/sitio\/wp-json\/wp\/v2\/pages\/2051\/revisions"}],"predecessor-version":[{"id":2076,"href":"https:\/\/ifd9-nqn.infd.edu.ar\/sitio\/wp-json\/wp\/v2\/pages\/2051\/revisions\/2076"}],"wp:attachment":[{"href":"https:\/\/ifd9-nqn.infd.edu.ar\/sitio\/wp-json\/wp\/v2\/media?parent=2051"}],"curies":[{"name":"wp","href":"https:\/\/api.w.org\/{rel}","templated":true}]}}